{"id":145,"date":"2023-09-04T10:07:44","date_gmt":"2023-09-04T08:07:44","guid":{"rendered":"https:\/\/seconde.flashphys.fr\/?page_id=145"},"modified":"2025-05-04T09:36:07","modified_gmt":"2025-05-04T07:36:07","slug":"page-63102dcdc5024-html","status":"publish","type":"page","link":"https:\/\/seconde.flashphys.fr\/?page_id=145","title":{"rendered":"Chap 13 : lentilles convergentes"},"content":{"rendered":"\n<h3 class=\"wp-block-heading\">Feuille de route<\/h3>\n\n\n\n<p><a href=\"http:\/\/seconde.flashphys.fr\/wp-content\/uploads\/2023\/09\/5b1c509959f297c77ad6cb46b57fb3c2.docx\">feuille de route lentille.docx<\/a><\/p>\n\n\n\n<p><iframe src=\"\/\/www.youtube.com\/embed\/gGWIvUpIg4E?wmode=transparent\"><\/iframe><iframe src=\"\/\/www.youtube.com\/embed\/F6jC-0ZQ1eY?wmode=transparent\"><\/iframe><iframe src=\"\/\/www.youtube.com\/embed\/ZVlEx7FG6GE?wmode=transparent\"><\/iframe><\/p>\n\n\n\n<h2 class=\"wp-block-heading\">COURS\/TP<\/h2>\n\n\n\n<p><a href=\"http:\/\/seconde.flashphys.fr\/wp-content\/uploads\/2023\/09\/b4f8846d0a0b397abd13e5f4efc65b27.docx\">les lentilles \u00e9l\u00e8ves.docx<\/a><\/p>\n\n\n\n<p><a href=\"http:\/\/seconde.flashphys.fr\/wp-content\/uploads\/2023\/09\/3196f3372ed6535de14a72647f84d251.pdf\">les lentilles correction.pdf<\/a><\/p>\n\n\n\n<p style=\"font-size:29px\"><strong>Fiche de m\u00e9morisation<\/strong><\/p>\n\n\n\n<h2 class=\"wp-block-heading\">Simulateur (TP) : objet \u00e0 travers une lentille convergente<\/h2>\n\n\n\n<p><a href=\"https:\/\/www.pccl.fr\/physique_chimie_college_lycee\/...\">https:\/\/www.pccl.fr\/physique_chimie_college_lycee\/&#8230;<\/a><\/p>\n\n\n\n<h2 class=\"wp-block-heading\">TP : image \u00e0 travers une lentille \/ Mod\u00e9lisation de l\u2019\u0153il et correction ophtalmique&nbsp;<\/h2>\n\n\n\n<p><a href=\"http:\/\/seconde.flashphys.fr\/wp-content\/uploads\/2023\/09\/052d294c0732c5740349936682175ff3.pdf\">TP imagelentille convergente \u00e9l\u00e8ve.pdf<\/a><\/p>\n\n\n\n<h2 class=\"wp-block-heading\">TP : mesure de distance focale et incertitude en langage PYTHON<\/h2>\n\n\n\n<p><a href=\"http:\/\/seconde.flashphys.fr\/wp-content\/uploads\/2023\/09\/7741c1044571a7bd6151a0f4791045a8.docx\">TP mesure distance focale python.docx<\/a><\/p>\n\n\n\n<h2 class=\"wp-block-heading\"><strong>Exercices<br><\/strong><\/h2>\n\n\n\n<p><a href=\"http:\/\/seconde.flashphys.fr\/wp-content\/uploads\/2023\/09\/e530543b75b7e4ac874abaafecb94475.docx\">Exercices sur les lentilles2021.docx<\/a><\/p>\n\n\n\n<p><a href=\"http:\/\/seconde.flashphys.fr\/wp-content\/uploads\/2023\/09\/95778087946aeec0545e16d95c9267db.docx\">correction exo len tilles.docx<\/a><\/p>\n\n\n\n<h2 class=\"wp-block-heading\">Se tester en ligne :<\/h2>\n\n\n\n<p><a href=\"https:\/\/learningapps.org\/2539304\">oeil et lentille<\/a><\/p>\n\n\n\n<p><a href=\"https:\/\/learningapps.org\/8420541\">caract\u00e9ristiques d&#8217;une image<\/a><\/p>\n\n\n\n<p><a href=\"https:\/\/learningapps.org\/12873257\">Mot crois\u00e9 sur l&#8217;oeil<\/a><\/p>\n\n\n\n<h2 class=\"wp-block-heading\">Pour m\u00e9moriser : carte mentale<\/h2>\n\n\n\n<p><a href=\"http:\/\/seconde.flashphys.fr\/wp-content\/uploads\/2023\/09\/f76a03adf6bfdb3169abb4113853676b.pdf\">carte mentale lentille.pdf<\/a><\/p>\n\n\n\n<h2 class=\"wp-block-heading\">QCM<\/h2>\n\n\n\n<p><a href=\"https:\/\/qcmphysique.blogspot.com\/p\/2nde-qcm-n18-les-lentilles-minces.html\">QCM lentilles<\/a><\/p>\n","protected":false},"excerpt":{"rendered":"<p>Feuille de route feuille de route lentille.docx COURS\/TP les lentilles \u00e9l\u00e8ves.docx les lentilles correction.pdf Fiche de m\u00e9morisation Simulateur (TP) : objet \u00e0 travers une lentille convergente https:\/\/www.pccl.fr\/physique_chimie_college_lycee\/&#8230; TP : image \u00e0 travers une lentille \/ Mod\u00e9lisation de l\u2019\u0153il et correction ophtalmique&nbsp; TP imagelentille convergente \u00e9l\u00e8ve.pdf TP : mesure de distance focale et incertitude en langage&hellip;<\/p>\n","protected":false},"author":1,"featured_media":0,"parent":0,"menu_order":0,"comment_status":"closed","ping_status":"closed","template":"","meta":{"footnotes":""},"_links":{"self":[{"href":"https:\/\/seconde.flashphys.fr\/index.php?rest_route=\/wp\/v2\/pages\/145"}],"collection":[{"href":"https:\/\/seconde.flashphys.fr\/index.php?rest_route=\/wp\/v2\/pages"}],"about":[{"href":"https:\/\/seconde.flashphys.fr\/index.php?rest_route=\/wp\/v2\/types\/page"}],"author":[{"embeddable":true,"href":"https:\/\/seconde.flashphys.fr\/index.php?rest_route=\/wp\/v2\/users\/1"}],"replies":[{"embeddable":true,"href":"https:\/\/seconde.flashphys.fr\/index.php?rest_route=%2Fwp%2Fv2%2Fcomments&post=145"}],"version-history":[{"count":3,"href":"https:\/\/seconde.flashphys.fr\/index.php?rest_route=\/wp\/v2\/pages\/145\/revisions"}],"predecessor-version":[{"id":442,"href":"https:\/\/seconde.flashphys.fr\/index.php?rest_route=\/wp\/v2\/pages\/145\/revisions\/442"}],"wp:attachment":[{"href":"https:\/\/seconde.flashphys.fr\/index.php?rest_route=%2Fwp%2Fv2%2Fmedia&parent=145"}],"curies":[{"name":"wp","href":"https:\/\/api.w.org\/{rel}","templated":true}]}}