{"id":137,"date":"2023-09-04T10:07:41","date_gmt":"2023-09-04T08:07:41","guid":{"rendered":"https:\/\/seconde.flashphys.fr\/?page_id=137"},"modified":"2023-09-04T17:27:09","modified_gmt":"2023-09-04T15:27:09","slug":"page-612cc77e894e2-html","status":"publish","type":"page","link":"https:\/\/seconde.flashphys.fr\/?page_id=137","title":{"rendered":"Consignes en TP"},"content":{"rendered":"\n<figure class=\"wp-block-image\"><img decoding=\"async\" src=\"https:\/\/monsite.woopic.com\/383\/p\/phyromseconde\/img\/d3d664ae15c578b69e53974e0784a63f.png\" alt=\"consignes tp\"\/><\/figure>\n\n\n\n<p><a href=\"http:\/\/seconde.flashphys.fr\/wp-content\/uploads\/2023\/09\/a5cd8226e070b41d8ca0d30f58bc221c.pdf\" target=\"_blank\" rel=\"noreferrer noopener\">consignes tp de yoda.pdf<\/a><\/p>\n\n\n\n<h2 class=\"wp-block-heading\">S\u00e9curit\u00e9, pictogrammes<\/h2>\n\n\n\n<p><a href=\"http:\/\/seconde.flashphys.fr\/wp-content\/uploads\/2023\/09\/87c3617af4d72d35e781f52e7baed912.pdf\" target=\"_blank\" rel=\"noreferrer noopener\">s\u00e9curit\u00e9-chimie.pdf<\/a><\/p>\n\n\n\n<h2 class=\"wp-block-heading\">Jeu sur les pictogrammes de s\u00e9curit\u00e9<\/h2>\n\n\n\n<p><a href=\"https:\/\/learningapps.org\/view2888079\">Jeu s\u00e9curit\u00e9<\/a><\/p>\n","protected":false},"excerpt":{"rendered":"<p>consignes tp de yoda.pdf S\u00e9curit\u00e9, pictogrammes s\u00e9curit\u00e9-chimie.pdf Jeu sur les pictogrammes de s\u00e9curit\u00e9 Jeu s\u00e9curit\u00e9<\/p>\n","protected":false},"author":1,"featured_media":0,"parent":0,"menu_order":0,"comment_status":"closed","ping_status":"closed","template":"","meta":{"footnotes":""},"_links":{"self":[{"href":"https:\/\/seconde.flashphys.fr\/index.php?rest_route=\/wp\/v2\/pages\/137"}],"collection":[{"href":"https:\/\/seconde.flashphys.fr\/index.php?rest_route=\/wp\/v2\/pages"}],"about":[{"href":"https:\/\/seconde.flashphys.fr\/index.php?rest_route=\/wp\/v2\/types\/page"}],"author":[{"embeddable":true,"href":"https:\/\/seconde.flashphys.fr\/index.php?rest_route=\/wp\/v2\/users\/1"}],"replies":[{"embeddable":true,"href":"https:\/\/seconde.flashphys.fr\/index.php?rest_route=%2Fwp%2Fv2%2Fcomments&post=137"}],"version-history":[{"count":1,"href":"https:\/\/seconde.flashphys.fr\/index.php?rest_route=\/wp\/v2\/pages\/137\/revisions"}],"predecessor-version":[{"id":226,"href":"https:\/\/seconde.flashphys.fr\/index.php?rest_route=\/wp\/v2\/pages\/137\/revisions\/226"}],"wp:attachment":[{"href":"https:\/\/seconde.flashphys.fr\/index.php?rest_route=%2Fwp%2Fv2%2Fmedia&parent=137"}],"curies":[{"name":"wp","href":"https:\/\/api.w.org\/{rel}","templated":true}]}}