{"id":136,"date":"2023-09-04T10:07:38","date_gmt":"2023-09-04T08:07:38","guid":{"rendered":"https:\/\/seconde.flashphys.fr\/?page_id=136"},"modified":"2025-11-13T12:58:09","modified_gmt":"2025-11-13T11:58:09","slug":"page-612c8ccd25db8-html","status":"publish","type":"page","link":"https:\/\/seconde.flashphys.fr\/?page_id=136","title":{"rendered":"Chap 1 : Identification des esp\u00e8ces chimiques"},"content":{"rendered":"\n<h2 class=\"wp-block-heading has-large-font-size\"><strong>Feuille de route<\/strong><\/h2>\n\n\n\n<p><a href=\"http:\/\/seconde.flashphys.fr\/wp-content\/uploads\/2023\/09\/4044c8889472d286055a928ff0cf0c21.docx\">feuille route.docx<\/a><\/p>\n\n\n\n<h2 class=\"wp-block-heading has-large-font-size\"><strong>Cours rapide en vid\u00e9o<\/strong><\/h2>\n\n\n\n<p><iframe src=\"\/\/www.youtube.com\/embed\/-jInElr81p4?wmode=transparent\"><\/iframe><iframe src=\"\/\/www.youtube.com\/embed\/h7-dFOZX_R0?wmode=transparent\"><\/iframe><\/p>\n\n\n\n<h1 class=\"wp-block-heading has-large-font-size\"><strong>Cours<br><\/strong><\/h1>\n\n\n\n<p><a href=\"http:\/\/seconde.flashphys.fr\/wp-content\/uploads\/2023\/09\/c4231a3bb841a2193866a6c86e210a5a.docx\">cours identifier esp\u00e8ces \u00e9l\u00e8ves.docx<\/a><\/p>\n\n\n\n<p><a href=\"http:\/\/seconde.flashphys.fr\/wp-content\/uploads\/2023\/09\/a49d20cceb31b46896dec17a6508b38a.pdf\">correction chap 1 seconde.pdf<\/a><\/p>\n\n\n\n<p class=\"has-large-font-size\">Fiche de m\u00e9morisation<\/p>\n\n\n\n<div class=\"wp-block-file\"><a id=\"wp-block-file--media-2e8ca6d8-1167-4b0b-9011-f5da5033799e\" href=\"https:\/\/seconde.flashphys.fr\/wp-content\/uploads\/2023\/09\/fiche-memo-chap1-seconde.docx\">fiche-memo-chap1-seconde<\/a><a href=\"https:\/\/seconde.flashphys.fr\/wp-content\/uploads\/2023\/09\/fiche-memo-chap1-seconde.docx\" class=\"wp-block-file__button wp-element-button\" download aria-describedby=\"wp-block-file--media-2e8ca6d8-1167-4b0b-9011-f5da5033799e\">T\u00e9l\u00e9charger<\/a><\/div>\n\n\n\n<div class=\"wp-block-file\"><a id=\"wp-block-file--media-4aeb56cf-eb06-4136-89b6-2eaa89800393\" href=\"https:\/\/seconde.flashphys.fr\/wp-content\/uploads\/2023\/09\/correction-fiche-memo-chap1-seconde.pdf\">correction-fiche-memo-chap1-seconde<\/a><a href=\"https:\/\/seconde.flashphys.fr\/wp-content\/uploads\/2023\/09\/correction-fiche-memo-chap1-seconde.pdf\" class=\"wp-block-file__button wp-element-button\" download aria-describedby=\"wp-block-file--media-4aeb56cf-eb06-4136-89b6-2eaa89800393\">T\u00e9l\u00e9charger<\/a><\/div>\n\n\n\n<h2 class=\"wp-block-heading\"><strong>Activit\u00e9 : temp\u00e9rature de changement d&#8217;\u00e9tat<\/strong><\/h2>\n\n\n\n<p><a href=\"http:\/\/seconde.flashphys.fr\/wp-content\/uploads\/2023\/09\/22754930b0e108e1e089c3c7efb3978b.docx\">activit\u00e9 temp\u00e9rature chang etat.docx<\/a><\/p>\n\n\n\n<p><strong>Correction<\/strong><\/p>\n\n\n\n<p><a href=\"http:\/\/seconde.flashphys.fr\/wp-content\/uploads\/2023\/09\/ad8e0aa0d791404c9d8923b734f93b8d.pdf\">correction activite changement etat.pdf<\/a><\/p>\n\n\n\n<h2 class=\"wp-block-heading has-large-font-size\"><strong>Exercices<\/strong> <\/h2>\n\n\n\n<div class=\"wp-block-file\"><a id=\"wp-block-file--media-1cb5ae77-2b3b-4efa-a42f-7b5819db89b5\" href=\"https:\/\/seconde.flashphys.fr\/wp-content\/uploads\/2023\/09\/exercices-identifier-especes.doc\">exercices-identifier-especes<\/a><a href=\"https:\/\/seconde.flashphys.fr\/wp-content\/uploads\/2023\/09\/exercices-identifier-especes.doc\" class=\"wp-block-file__button wp-element-button\" download aria-describedby=\"wp-block-file--media-1cb5ae77-2b3b-4efa-a42f-7b5819db89b5\">T\u00e9l\u00e9charger<\/a><\/div>\n\n\n\n<div class=\"wp-block-file\"><a id=\"wp-block-file--media-ee64a994-4807-4c0b-be61-ecd0e33d4e45\" href=\"https:\/\/seconde.flashphys.fr\/wp-content\/uploads\/2023\/09\/correction-exo-chap1.pdf\">correction-exo-chap1<\/a><a href=\"https:\/\/seconde.flashphys.fr\/wp-content\/uploads\/2023\/09\/correction-exo-chap1.pdf\" class=\"wp-block-file__button wp-element-button\" download aria-describedby=\"wp-block-file--media-ee64a994-4807-4c0b-be61-ecd0e33d4e45\">T\u00e9l\u00e9charger<\/a><\/div>\n\n\n\n<h2 class=\"wp-block-heading\"><strong>Exercice : Chromatographie sur couche mince CCM<\/strong><\/h2>\n\n\n\n<p><a href=\"http:\/\/seconde.flashphys.fr\/wp-content\/uploads\/2023\/09\/76e214ee912a89c0b176ca88da77c359.doc\">exo chromato.doc<\/a><\/p>\n\n\n\n<div class=\"wp-block-file\"><a id=\"wp-block-file--media-d5cf1f5d-174c-47da-a88c-e3febba3e216\" href=\"https:\/\/seconde.flashphys.fr\/wp-content\/uploads\/2023\/09\/correction-exo-chromato.pdf\">correction-exo-chromato<\/a><a href=\"https:\/\/seconde.flashphys.fr\/wp-content\/uploads\/2023\/09\/correction-exo-chromato.pdf\" class=\"wp-block-file__button wp-element-button\" download aria-describedby=\"wp-block-file--media-d5cf1f5d-174c-47da-a88c-e3febba3e216\">T\u00e9l\u00e9charger<\/a><\/div>\n\n\n\n<p><a href=\"http:\/\/seconde.flashphys.fr\/wp-content\/uploads\/2023\/09\/ba9e0b042894b572114a0558803b85a2.doc\">correction exo chromato.doc<\/a><\/p>\n\n\n\n<h2 class=\"wp-block-heading has-large-font-size\"><strong>En AUTONOMIE EN LIGNE..<\/strong><\/h2>\n\n\n\n<h2 class=\"wp-block-heading has-large-font-size\"><strong>Jeu sur la masse volumique<\/strong><\/h2>\n\n\n\n<p><a href=\"https:\/\/learningapps.org\/view20661014\">jeu masse volumique<\/a><\/p>\n\n\n\n<h2 class=\"wp-block-heading has-large-font-size\"><strong>Jeu sur la CCM<\/strong><\/h2>\n\n\n\n<p><a href=\"https:\/\/learningapps.org\/view6061146\">jeu CCM<br><\/a><\/p>\n\n\n\n<p><a href=\"https:\/\/learningapps.org\/view20661627\">jeu2 CCM<br><\/a><\/p>\n\n\n\n<h2 class=\"wp-block-heading\">Jeu sur les pourcentages massiques des m\u00e9langes<\/h2>\n\n\n\n<p><a href=\"https:\/\/learningapps.org\/view20736528\">jeu pourcentage m\u00e9lange<\/a><\/p>\n\n\n\n<h2 class=\"wp-block-heading\"><strong>TP : travaux pratiques (exp\u00e9riences)<\/strong><\/h2>\n\n\n\n<h3 class=\"wp-block-heading\">TP1 : Masse volumique <\/h3>\n\n\n\n<div class=\"wp-block-file\"><a id=\"wp-block-file--media-32e71e60-c902-45ee-9bda-024ff5729ef8\" href=\"https:\/\/seconde.flashphys.fr\/wp-content\/uploads\/2023\/09\/Activite-experimentale-ecrou1.docx\">Activite-experimentale-ecrou1<\/a><a href=\"https:\/\/seconde.flashphys.fr\/wp-content\/uploads\/2023\/09\/Activite-experimentale-ecrou1.docx\" class=\"wp-block-file__button wp-element-button\" download aria-describedby=\"wp-block-file--media-32e71e60-c902-45ee-9bda-024ff5729ef8\">T\u00e9l\u00e9charger<\/a><\/div>\n\n\n\n<p><iframe src=\"\/\/www.youtube.com\/embed\/seTdnIYOmL0?wmode=transparent\"><\/iframe><iframe src=\"\/\/www.youtube.com\/embed\/whBcUb3wipw?wmode=transparent\"><\/iframe><\/p>\n\n\n\n<h3 class=\"wp-block-heading\"><strong>TP 2 : <\/strong>C<strong>hromatographie sur couche mince + test d&#8217;identification)<\/strong><\/h3>\n\n\n\n<div class=\"wp-block-file\"><a id=\"wp-block-file--media-e3ccdfc0-1f97-480d-a9c1-8d1fda34a4fb\" href=\"https:\/\/seconde.flashphys.fr\/wp-content\/uploads\/2023\/09\/Activite-experimentale-CCM.docx\">Activite-experimentale-CCM<\/a><a href=\"https:\/\/seconde.flashphys.fr\/wp-content\/uploads\/2023\/09\/Activite-experimentale-CCM.docx\" class=\"wp-block-file__button wp-element-button\" download aria-describedby=\"wp-block-file--media-e3ccdfc0-1f97-480d-a9c1-8d1fda34a4fb\">T\u00e9l\u00e9charger<\/a><\/div>\n\n\n\n<div class=\"wp-block-file\"><a id=\"wp-block-file--media-a035d7e1-5907-45b4-b12f-2cbc8057fca7\" href=\"https:\/\/seconde.flashphys.fr\/wp-content\/uploads\/2023\/09\/correction-Activite-experimentale-CCM.docx\">correction-Activite-experimentale-CCM<\/a><a href=\"https:\/\/seconde.flashphys.fr\/wp-content\/uploads\/2023\/09\/correction-Activite-experimentale-CCM.docx\" class=\"wp-block-file__button wp-element-button\" download aria-describedby=\"wp-block-file--media-a035d7e1-5907-45b4-b12f-2cbc8057fca7\">T\u00e9l\u00e9charger<\/a><\/div>\n\n\n\n<div class=\"wp-block-file\"><a id=\"wp-block-file--media-e42c1506-e1fa-49d9-b638-6daa44b2d69c\" href=\"https:\/\/seconde.flashphys.fr\/wp-content\/uploads\/2023\/09\/tp-test-caracteristique.docx\">tp-test-caracteristique<\/a><a href=\"https:\/\/seconde.flashphys.fr\/wp-content\/uploads\/2023\/09\/tp-test-caracteristique.docx\" class=\"wp-block-file__button wp-element-button\" download aria-describedby=\"wp-block-file--media-e42c1506-e1fa-49d9-b638-6daa44b2d69c\">T\u00e9l\u00e9charger<\/a><\/div>\n\n\n\n<p><iframe src=\"\/\/www.youtube.com\/embed\/6XzdS83g1Es?wmode=transparent\"><\/iframe><iframe src=\"\/\/www.youtube.com\/embed\/IKILwgl3MOg?wmode=transparent\"><\/iframe><iframe src=\"\/\/www.youtube.com\/embed\/6Oeuhdc_ZNw?wmode=transparent\"><\/iframe><iframe src=\"\/\/www.youtube.com\/embed\/ABlWP8bEtQg?wmode=transparent\"><\/iframe><iframe src=\"\/\/www.youtube.com\/embed\/zJnxjDv2gpY?wmode=transparent\"><\/iframe><\/p>\n\n\n\n<h3 class=\"wp-block-heading\">TP3 : chromatographie des m\u00e9dicaments<\/h3>\n\n\n\n<p><a href=\"http:\/\/seconde.flashphys.fr\/wp-content\/uploads\/2023\/09\/295674000c4ecbe9dc6beffb1d5b0cd7.docx\">TP 3 CCM medocs.docx<\/a><\/p>\n\n\n\n<h2 class=\"wp-block-heading\">D\u00e9fi : r\u00e9soudre un probl\u00e8me<\/h2>\n\n\n\n<p><a href=\"http:\/\/seconde.flashphys.fr\/wp-content\/uploads\/2023\/09\/09a9eef3e2ded75ed75795deb1e4efd6.pdf\">rdp d\u00e9fi masse volu.pdf<\/a><\/p>\n\n\n\n<h2 class=\"wp-block-heading\">Pour r\u00e9viser : carte mentale<\/h2>\n\n\n\n<p><a href=\"http:\/\/seconde.flashphys.fr\/wp-content\/uploads\/2023\/09\/531ba0223947b95d834805493c131059.pdf\">carte mentale.pdf<\/a><\/p>\n\n\n\n<h2 class=\"wp-block-heading\"><\/h2>\n\n\n\n<figure class=\"wp-block-image\"><img decoding=\"async\" src=\"https:\/\/monsite.woopic.com\/383\/f\/300x\/p\/phyromseconde\/img\/2afc988dca6a900cb7600f1bbdf057d7.png\" alt=\"carte mentale\"\/><\/figure>\n","protected":false},"excerpt":{"rendered":"<p>Feuille de route feuille route.docx Cours rapide en vid\u00e9o Cours cours identifier esp\u00e8ces \u00e9l\u00e8ves.docx correction chap 1 seconde.pdf Fiche de m\u00e9morisation Activit\u00e9 : temp\u00e9rature de changement d&#8217;\u00e9tat activit\u00e9 temp\u00e9rature chang etat.docx Correction correction activite changement etat.pdf Exercices Exercice : Chromatographie sur couche mince CCM exo chromato.doc correction exo chromato.doc En AUTONOMIE EN LIGNE.. Jeu sur&hellip;<\/p>\n","protected":false},"author":1,"featured_media":0,"parent":0,"menu_order":0,"comment_status":"closed","ping_status":"closed","template":"","meta":{"footnotes":""},"_links":{"self":[{"href":"https:\/\/seconde.flashphys.fr\/index.php?rest_route=\/wp\/v2\/pages\/136"}],"collection":[{"href":"https:\/\/seconde.flashphys.fr\/index.php?rest_route=\/wp\/v2\/pages"}],"about":[{"href":"https:\/\/seconde.flashphys.fr\/index.php?rest_route=\/wp\/v2\/types\/page"}],"author":[{"embeddable":true,"href":"https:\/\/seconde.flashphys.fr\/index.php?rest_route=\/wp\/v2\/users\/1"}],"replies":[{"embeddable":true,"href":"https:\/\/seconde.flashphys.fr\/index.php?rest_route=%2Fwp%2Fv2%2Fcomments&post=136"}],"version-history":[{"count":8,"href":"https:\/\/seconde.flashphys.fr\/index.php?rest_route=\/wp\/v2\/pages\/136\/revisions"}],"predecessor-version":[{"id":458,"href":"https:\/\/seconde.flashphys.fr\/index.php?rest_route=\/wp\/v2\/pages\/136\/revisions\/458"}],"wp:attachment":[{"href":"https:\/\/seconde.flashphys.fr\/index.php?rest_route=%2Fwp%2Fv2%2Fmedia&parent=136"}],"curies":[{"name":"wp","href":"https:\/\/api.w.org\/{rel}","templated":true}]}}